{"id":206,"date":"2025-10-31T02:12:42","date_gmt":"2025-10-31T02:12:42","guid":{"rendered":"https:\/\/xorti.cz\/?page_id=206"},"modified":"2025-10-31T02:12:45","modified_gmt":"2025-10-31T02:12:45","slug":"standard-styrsky-brakyr","status":"publish","type":"page","link":"https:\/\/xorti.cz\/?page_id=206","title":{"rendered":"Standard \u0160t\u00fdrsk\u00fd brak\u00fd\u0159"},"content":{"rendered":"\n<p><strong>FCI standard<\/strong>&nbsp;\u010d. 62<br><strong>Skupina: 6&nbsp;<\/strong><strong>\u2013&nbsp;Barv\u00e1\u0159i, honi\u010di a plemena p\u0159\u00edbuzn\u00e1<\/strong><\/p>\n\n\n\n<p>Sekce: 1.2&nbsp;\u2013&nbsp;st\u0159edn\u011b velc\u00ed honi\u010di, se zkou\u0161kou upot\u0159ebitelnosti<br>Datum publikov\u00e1n\u00ed platn\u00e9ho standardu: 10.10.1995<\/p>\n\n\n\n<p><strong>Zem<\/strong><strong>\u011b p\u016fvodu<\/strong>: Rakousko<\/p>\n\n\n\n<p><strong>Pou\u017eit<\/strong><strong>\u00ed:<\/strong><\/p>\n\n\n\n<p>Pr\u00e1ce tohoto plemene nespo\u010d\u00edv\u00e1 pouze v hlasit\u00e9m nah\u00e1n\u011bn\u00ed, ale velmi&nbsp;\u010dasto tak\u00e9 v dohled\u00e1vce post\u0159elen\u00e9 sp\u00e1rkat\u00e9 zv\u011b\u0159e v podm\u00ednk\u00e1ch t\u011b\u017ek\u00e9ho horsk\u00e9ho ter\u00e9nu.<\/p>\n\n\n\n<p><strong>Kr\u00e1tk\u00fd historick\u00fd p<\/strong><strong>\u0159ehled:<\/strong><\/p>\n\n\n\n<p>V roce 1870 zah\u00e1jil Karl Peitinger ve&nbsp;\u0160t\u00fdrsku&nbsp;\u0161lecht\u011bn\u00ed tohoto plemene zk\u0159\u00ed\u017een\u00edm hanoversk\u00e9 barv\u00e1\u0159ky&nbsp;\u201eHella I\u201c s lovecky a exteri\u00e9rov\u011b vynikaj\u00edc\u00edm psem hrubosrst\u00e9ho istrijsk\u00e9ho honi\u010de. Nejlep\u0161\u00ed jedinci z tohoto spojen\u00ed byli pou\u017eiti k dal\u0161\u00ed plemenitb\u011b. \u0160lecht\u011bn\u00ed bylo \u00fasp\u011b\u0161n\u011b zavr\u0161eno form\u00e1ln\u00edm uzn\u00e1n\u00edm plemene v roce 1890.<\/p>\n\n\n\n<p><strong>Celkov\u00fd vzhled:<\/strong>&nbsp;St\u0159edn\u00ed velikost, siln\u00e9 svalstvo, projev v\u00e1\u017en\u00fd, ale nikoliv zlostn\u00fd.<\/p>\n\n\n\n<p><strong>Chov\u00e1n\u00ed a povaha<\/strong>: N\u00e1ru\u017eiv\u00fd, tvrd\u00fd loveck\u00fd pes, hlasit\u00fd na stop\u011b, pevn\u00fd a jist\u00fd stopa\u0159.<\/p>\n\n\n\n<p><strong>Hlava:<\/strong><\/p>\n\n\n\n<p>\u010celo m\u00edrn\u011b klenut\u00e9, t\u00fdln\u00ed hrbol dob\u0159e vyvinut\u00fd, z\u0159eteln\u00fd stop.&nbsp;\u010cenichov\u00e1 partie siln\u00e1, rovn\u00e1; nosn\u00ed houba&nbsp;\u010dern\u00e1; pysky nep\u0159evisl\u00e9. Siln\u00fd, n\u016f\u017ekov\u00fd skus. O\u010di s hn\u011bdou duhovkou. U\u0161i zav\u011b\u0161en\u00e9, ne p\u0159\u00edli\u0161 velk\u00e9, hladce p\u0159il\u00e9haj\u00edc\u00ed, porostl\u00e9 jemnou srst\u00ed.<\/p>\n\n\n\n<p><strong>Krk:<\/strong>&nbsp;Siln\u00fd, ne p\u0159\u00edli\u0161 dlouh\u00fd.<\/p>\n\n\n\n<p><strong>Trup:<\/strong><\/p>\n\n\n\n<p>H\u0159bet rovn\u00fd,&nbsp;\u0161irok\u00fd. Hrudn\u00edk&nbsp;\u0161irok\u00fd a hlubok\u00fd. Slabiny m\u00edrn\u011b vta\u017een\u00e9. Z\u00e1\u010f m\u00edrn\u011b sp\u00e1dit\u00e1. Ocas st\u0159edn\u011b dlouh\u00fd, u ko\u0159ene siln\u00fd, nikdy sto\u010den\u00fd, n\u00fdbr\u017e nesen\u00fd lehce srpovit\u011b vzh\u016fru, dob\u0159e osrst\u011bn\u00fd, na jeho spodn\u00ed stran\u011b tvo\u0159\u00ed srst kart\u00e1\u010d, ale nikdy vlajku.<\/p>\n\n\n\n<p><strong>Kon<\/strong><strong>\u010detiny:<\/strong>&nbsp;Lopatky \u0161ikmo ulo\u017een\u00e9.<\/p>\n\n\n\n<p><strong><u>P<\/u><u>\u0159edn\u00ed<\/u>&nbsp;b<\/strong><strong>\u011bhy<\/strong>&nbsp;rovn\u011b postaven\u00e9, svalnat\u00e9, dob\u0159e za\u00fahlen\u00e9.<strong>&nbsp;<u>Zadn\u00ed<\/u><\/strong>&nbsp;svalnat\u00e9, dob\u0159e za\u00fahlen\u00e9, p\u0159i pohledu zezadu rovn\u011b postaven\u00e9. P\u0159edn\u00ed i zadn\u00ed tlapky ne p\u0159\u00edli\u0161 velk\u00e9, dob\u0159e klenut\u00e9 a uzav\u0159en\u00e9, s ne p\u0159\u00edli\u0161 velk\u00fdmi tvrd\u00fdmi pol\u0161t\u00e1\u0159ky.<\/p>\n\n\n\n<p><strong>Pohyb:<\/strong>&nbsp;Prostorn\u00fd, pru\u017en\u00fd.<\/p>\n\n\n\n<p><strong>Osrst\u011bn<\/strong><strong>\u00ed:&nbsp;<\/strong>Srst drsn\u00e1, bez lesku, tvrd\u00e1 a hrub\u00e1, ne hu\u0148at\u00e1. Srst na hlav\u011b je krat\u0161\u00ed ne\u017e na t\u011ble a tvo\u0159\u00ed pouze&nbsp;\u201ekn\u00edrek\u201c.<\/p>\n\n\n\n<p><strong>Zbarven\u00ed:&nbsp;<\/strong>\u010cerven\u00e9 a plav\u00e9. B\u00edl\u00fd znak na hrudi je povolen.<\/p>\n\n\n\n<p><strong>Velikost:<\/strong>&nbsp;V\u00fd\u0161ka v kohoutku 45-53cm (psi 47-53cm, feny 45-51cm).<\/p>\n\n\n\n<p><strong>Vady:&nbsp;<\/strong>Ka\u017ed\u00e1 odchylka od v\u00fd\u0161e uveden\u00fdch bod\u016f mus\u00ed b\u00fdt pova\u017eov\u00e1na za vadu, s ohledem na stupe\u0148 jej\u00edho vyj\u00e1d\u0159en\u00ed.&nbsp;P\u0159\u00edli\u0161&nbsp;\u00fazk\u00e1 hlava. Skl\u00e1dan\u00e9 nebo dole za\u0161pi\u010dat\u011bl\u00e9 u\u0161i. Slab\u00e9 b\u011bhy.<br>P\u0159\u00edli\u0161 kr\u00e1tk\u00fd, p\u0159\u00edli\u0161 slab\u00fd nebo siln\u011b nahoru zahnut\u00fd ocas, vlajka. P\u0159\u00edli\u0161 dlouh\u00e9, slab\u00e9, ku\u010derav\u00e9 nebo m\u011bkk\u00e9 osrst\u011bn\u00ed. Lekavost.<\/p>\n\n\n\n<p><strong>Vylu\u010duj<\/strong><strong>\u00edc\u00ed vady:<\/strong>&nbsp;Ka\u017ed\u00e9 jin\u00e9 zbarven\u00ed ne\u017e v\u00fd\u0161e uveden\u00e9.&nbsp;Podkus nebo p\u0159edkus, absence v\u00edce ne\u017e dvou premol\u00e1r\u016f.<\/p>\n\n\n\n<p><strong>Pozn\u00e1mka:<\/strong>&nbsp;Psi&nbsp;\u2013&nbsp;samci mus\u00ed m\u00edt norm\u00e1ln\u011b vyvinut\u00e1 varlata sestoupl\u00e1 v&nbsp;\u0161ourku.<\/p>\n\n\n\n<p><\/p>\n","protected":false},"excerpt":{"rendered":"<p>FCI standard&nbsp;\u010d. 62Skupina: 6&nbsp;\u2013&nbsp;Barv\u00e1\u0159i, honi\u010di a plemena p\u0159\u00edbuzn\u00e1 Sekce: 1.2&nbsp;\u2013&nbsp;st\u0159edn\u011b velc\u00ed honi\u010di, se zkou\u0161kou upot\u0159ebitelnostiDatum publikov\u00e1n\u00ed platn\u00e9ho standardu: 10.10.1995 Zem\u011b p\u016fvodu: Rakousko Pou\u017eit\u00ed: Pr\u00e1ce tohoto plemene nespo\u010d\u00edv\u00e1 pouze v hlasit\u00e9m &#8230;<\/p>\n","protected":false},"author":1,"featured_media":0,"parent":0,"menu_order":0,"comment_status":"closed","ping_status":"closed","template":"","meta":{"footnotes":""},"class_list":["post-206","page","type-page","status-publish","hentry"],"_links":{"self":[{"href":"https:\/\/xorti.cz\/index.php?rest_route=\/wp\/v2\/pages\/206","targetHints":{"allow":["GET"]}}],"collection":[{"href":"https:\/\/xorti.cz\/index.php?rest_route=\/wp\/v2\/pages"}],"about":[{"href":"https:\/\/xorti.cz\/index.php?rest_route=\/wp\/v2\/types\/page"}],"author":[{"embeddable":true,"href":"https:\/\/xorti.cz\/index.php?rest_route=\/wp\/v2\/users\/1"}],"replies":[{"embeddable":true,"href":"https:\/\/xorti.cz\/index.php?rest_route=%2Fwp%2Fv2%2Fcomments&post=206"}],"version-history":[{"count":1,"href":"https:\/\/xorti.cz\/index.php?rest_route=\/wp\/v2\/pages\/206\/revisions"}],"predecessor-version":[{"id":207,"href":"https:\/\/xorti.cz\/index.php?rest_route=\/wp\/v2\/pages\/206\/revisions\/207"}],"wp:attachment":[{"href":"https:\/\/xorti.cz\/index.php?rest_route=%2Fwp%2Fv2%2Fmedia&parent=206"}],"curies":[{"name":"wp","href":"https:\/\/api.w.org\/{rel}","templated":true}]}}