{"id":47,"date":"2025-10-30T23:44:26","date_gmt":"2025-10-30T23:44:26","guid":{"rendered":"https:\/\/xorti.cz\/?page_id=47"},"modified":"2025-10-30T23:44:27","modified_gmt":"2025-10-30T23:44:27","slug":"novinky-2015","status":"publish","type":"page","link":"https:\/\/xorti.cz\/?page_id=47","title":{"rendered":"Novinky 2015"},"content":{"rendered":"\n<p><strong>6. 9. 2015 Krajsk\u00e1 v\u00fdstava Doln\u00ed Bene\u0161ov<\/strong><\/p>\n\n\n\n<p>Pr\u00e1ce na domku je neust\u00e1le spousta, ale p\u0159esto jsme se &#8220;trhli&#8221; a vyrazili na krajskou v\u00fdstavu do Doln\u00edho Bene\u0161ova. A na\u0161i psi se neztratili..&nbsp;<\/p>\n\n\n\n<p><strong>Aki z Kozimberku&nbsp;<\/strong>se p\u0159edstavil v t\u0159\u00edd\u011b mlad\u00fdch a doslova z\u00e1\u0159il. &nbsp;Za kr\u00e1sn\u00e9 ocen\u011bn\u00ed d\u011bkujeme<strong>&nbsp;pan\u00ed rozhod\u010d\u00ed Frn\u010dov\u00e9, kter\u00e1 Akimu zadala &nbsp;V1, V\u00edt\u011bz t\u0159\u00eddy mlad\u00fdch, 4.nejlep\u0161\u00ed mlad\u00fd pes v\u00fdstavy!!<\/strong><br><strong>Corry Alfa Ori&nbsp;<\/strong>taky&nbsp;nezav\u00e1hala a<strong>&nbsp;z\u00edskala u pana Vondrou\u0161e zn\u00e1mky V1, V\u00edt\u011bz t\u0159\u00eddy, Krajsk\u00fd v\u00edt\u011bz 2015<\/strong>.<\/p>\n\n\n\n<p><strong>1. 4. 2015&#8230;novinek spousta, jen \u010dasu m\u00e1lo&#8230;<\/strong><\/p>\n\n\n\n<p>D\u011bkujeme v\u0161em p\u0159\u00edznivc\u016fm na\u0161ich str\u00e1nek za jejich z\u00e1jem o n\u00e1s a omlouv\u00e1me se, \u017ee aktualizace v\u00e1znou..<strong>&nbsp;AKTU\u00c1LN\u011a M\u00c1ME SPOUSTU PR\u00c1CE NA DOME\u010cKU A NEST\u00cdH\u00c1ME SE V\u011aNOVAT P\u0158\u00cdPRAV\u00c1M NOVINEK NA WEB! &nbsp;<\/strong>V\u0161echno v\u0161ak dopln\u00edme hned jak &#8220;p\u0159ijde pan\u00ed zima&#8221; a v\u011b\u0159te, \u017ee toho nebude m\u00e1lo..&nbsp;<\/p>\n\n\n\n<p><strong>7. &#8211; 8. 2. 2015 Double CACIB Brno, \u010cR<\/strong><\/p>\n\n\n\n<p><strong>AKI Z KOZIMBERKU \u010cEKATEL TITULU JUNIRO\u0160AMPION \u010cESK\u00c9 REPUBLIKY<\/strong><\/p>\n\n\n\n<p>Po del\u0161\u00ed v\u00fdstavn\u00ed pauze jsme op\u011bt zp\u011bt a z v\u00fdsledk\u016f na\u0161ich mla\u010foch\u016f m\u00e1me velkou radost&#8230; ))<\/p>\n\n\n\n<p>Asikovi se p\u0159\u00edli\u0161 neda\u0159ilo a oba dny z\u00edskal zn\u00e1mku velmi dobr\u00e1, ale<strong>&nbsp;mal\u00fd Aki si p\u0159i sv\u00e9 premi\u00e9\u0159e v t\u0159\u00edd\u011b mlad\u00fdch vedl skv\u011ble a oba dny z\u00edskal titul JUNIOR BOB a v ned\u011bli p\u0159idal je\u0161t\u011b titul BOS!&nbsp;<\/strong><\/p>\n\n\n\n<figure class=\"wp-block-image\"><img loading=\"lazy\" decoding=\"async\" width=\"720\" height=\"960\" src=\"https:\/\/xorti.cz\/wp-content\/uploads\/2025\/10\/aki20brno.jpg\" alt=\"\" class=\"wp-image-51\" srcset=\"https:\/\/xorti.cz\/wp-content\/uploads\/2025\/10\/aki20brno.jpg 720w, https:\/\/xorti.cz\/wp-content\/uploads\/2025\/10\/aki20brno-225x300.jpg 225w\" sizes=\"auto, (max-width: 720px) 100vw, 720px\" \/><\/figure>\n\n\n\n<p>D\u011bkujeme p\u00e1n\u016fm rozhod\u010d\u00edm za p\u0159\u00edjemn\u00e9 posuzov\u00e1n\u00ed. Kompletn\u00ed v\u00fdsledky najdete v z\u00e1lo\u017ek\u00e1ch jednotliv\u00fdch ps\u016f<\/p>\n\n\n\n<p><strong>3. 1. 2015 Za\u010d\u00e1tek roku ve znamen\u00ed setk\u00e1v\u00e1n\u00ed&#8230;<\/strong><\/p>\n\n\n\n<p>Za\u010d\u00e1tek roku jsme str\u00e1vili stejn\u011b jako v\u00e1no\u010dn\u00ed sv\u00e1tky s rodinou, p\u0159\u00e1teli, na\u0161\u00ed sme\u010dkou a \u0160imonkem. Pejskov\u00e9 si u\u017e\u00edvaj\u00ed hon\u016f s p\u00e1ne\u010dkem a \u0160imonek tepla domova s m\u00e1mou.. ))&nbsp;<\/p>\n\n\n\n<figure class=\"wp-block-image\"><img loading=\"lazy\" decoding=\"async\" width=\"580\" height=\"435\" src=\"https:\/\/xorti.cz\/wp-content\/uploads\/2025\/10\/10447092_932816263397457_5735497621445509982_n.jpg\" alt=\"\" class=\"wp-image-49\" srcset=\"https:\/\/xorti.cz\/wp-content\/uploads\/2025\/10\/10447092_932816263397457_5735497621445509982_n.jpg 580w, https:\/\/xorti.cz\/wp-content\/uploads\/2025\/10\/10447092_932816263397457_5735497621445509982_n-300x225.jpg 300w\" sizes=\"auto, (max-width: 580px) 100vw, 580px\" \/><\/figure>\n\n\n\n<figure class=\"wp-block-image\"><img loading=\"lazy\" decoding=\"async\" width=\"720\" height=\"960\" src=\"https:\/\/xorti.cz\/wp-content\/uploads\/2025\/10\/10888674_936290823050001_849654535531579917_n.jpg\" alt=\"\" class=\"wp-image-50\" srcset=\"https:\/\/xorti.cz\/wp-content\/uploads\/2025\/10\/10888674_936290823050001_849654535531579917_n.jpg 720w, https:\/\/xorti.cz\/wp-content\/uploads\/2025\/10\/10888674_936290823050001_849654535531579917_n-225x300.jpg 225w\" sizes=\"auto, (max-width: 720px) 100vw, 720px\" \/><\/figure>\n\n\n\n<figure class=\"wp-block-image\"><img loading=\"lazy\" decoding=\"async\" width=\"720\" height=\"960\" src=\"https:\/\/xorti.cz\/wp-content\/uploads\/2025\/10\/10410686_936290736383343_4182350127303216970_n.jpg\" alt=\"\" class=\"wp-image-52\" srcset=\"https:\/\/xorti.cz\/wp-content\/uploads\/2025\/10\/10410686_936290736383343_4182350127303216970_n.jpg 720w, https:\/\/xorti.cz\/wp-content\/uploads\/2025\/10\/10410686_936290736383343_4182350127303216970_n-225x300.jpg 225w\" sizes=\"auto, (max-width: 720px) 100vw, 720px\" \/><\/figure>\n\n\n\n<figure class=\"wp-block-image\"><img loading=\"lazy\" decoding=\"async\" width=\"580\" height=\"435\" src=\"https:\/\/xorti.cz\/wp-content\/uploads\/2025\/10\/10509732_932816286730788_5269435928951654705_n.jpg\" alt=\"\" class=\"wp-image-48\" srcset=\"https:\/\/xorti.cz\/wp-content\/uploads\/2025\/10\/10509732_932816286730788_5269435928951654705_n.jpg 580w, https:\/\/xorti.cz\/wp-content\/uploads\/2025\/10\/10509732_932816286730788_5269435928951654705_n-300x225.jpg 300w\" sizes=\"auto, (max-width: 580px) 100vw, 580px\" \/><\/figure>\n\n\n\n<p><\/p>\n","protected":false},"excerpt":{"rendered":"<p>6. 9. 2015 Krajsk\u00e1 v\u00fdstava Doln\u00ed Bene\u0161ov Pr\u00e1ce na domku je neust\u00e1le spousta, ale p\u0159esto jsme se &#8220;trhli&#8221; a vyrazili na krajskou v\u00fdstavu do Doln\u00edho Bene\u0161ova. A na\u0161i psi se &#8230;<\/p>\n","protected":false},"author":1,"featured_media":0,"parent":0,"menu_order":0,"comment_status":"closed","ping_status":"closed","template":"","meta":{"footnotes":""},"class_list":["post-47","page","type-page","status-publish","hentry"],"_links":{"self":[{"href":"https:\/\/xorti.cz\/index.php?rest_route=\/wp\/v2\/pages\/47","targetHints":{"allow":["GET"]}}],"collection":[{"href":"https:\/\/xorti.cz\/index.php?rest_route=\/wp\/v2\/pages"}],"about":[{"href":"https:\/\/xorti.cz\/index.php?rest_route=\/wp\/v2\/types\/page"}],"author":[{"embeddable":true,"href":"https:\/\/xorti.cz\/index.php?rest_route=\/wp\/v2\/users\/1"}],"replies":[{"embeddable":true,"href":"https:\/\/xorti.cz\/index.php?rest_route=%2Fwp%2Fv2%2Fcomments&post=47"}],"version-history":[{"count":1,"href":"https:\/\/xorti.cz\/index.php?rest_route=\/wp\/v2\/pages\/47\/revisions"}],"predecessor-version":[{"id":53,"href":"https:\/\/xorti.cz\/index.php?rest_route=\/wp\/v2\/pages\/47\/revisions\/53"}],"wp:attachment":[{"href":"https:\/\/xorti.cz\/index.php?rest_route=%2Fwp%2Fv2%2Fmedia&parent=47"}],"curies":[{"name":"wp","href":"https:\/\/api.w.org\/{rel}","templated":true}]}}